ulate the remainder when 1623 is divided by 56.
55
Calculate the remainder when 70 is divided by 21.
7
What is the remainder when 2535 is divided by 8?
7
Calculate the remainder when 554 is divided by 51.
44
What is the remainder when 338 is divided by 55?
8
What is the remainder when 958 is divided by 60?
58
Calculate the remainder when 5669 is divided by 18.
17
What is the remainder when 22 is divided by 18?
4
Calculate the remainder when 4618 is divided by 923.
3
What is the remainder when 292 is divided by 75?
67
What is the remainder when 74 is divided by 20?
14
Calculate the remainder when 424 is divided by 85.
84
What is the remainder when 1271 is divided by 397?
80
What is the remainder when 1112 is divided by 142?
118
Calculate the remainder when 8371 is divided by 53.
50
Calculate the remainder when 483 is divided by 459.
24
What is the remainder when 321 is divided by 284?
37
What is the remainder when 183 is divided by 42?
15
What is the remainder when 33343 is divided by 64?
63
What is the remainder when 2576 is divided by 287?
280
What is the remainder when 425 is divided by 227?
198
Calculate the remainder when 5109 is divided by 72.
69
Calculate the remainder when 1819 is divided by 602.
13
What is the remainder when 247 is divided by 60?
7
What is the remainder when 890 is divided by 20?
10
Calculate the remainder when 132 is divided by 46.
40
Calculate the remainder when 960 is divided by 253.
201
Calculate the remainder when 1 is divided by 1.
0
What is the remainder when 1365 is divided by 57?
54
What is the remainder when 173 is divided by 47?
32
Calculate the remainder when 149 is divided by 105.
44
What is the remainder when 11323 is divided by 14?
11
Calculate the remainder when 53 is divided by 47.
6
What is the remainder when 5179 is divided by 63?
13
What is the remainder when 628 is divided by 14?
12
Calculate the remainder when 7861 is divided by 8.
5
Calculate the remainder when 1507 is divided by 52.
51
What is the remainder when 12850 is divided by 68?
66
What is the remainder when 442 is divided by 222?
220
Calculate the remainder when 1882 is divided by 23.
19
Calculate the remainder when 54 is divided by 11.
10
What is the remainder when 137 is divided by 28?
25
What is the remainder when 5118 is divided by 14?
8
What is the remainder when 360 is divided by 179?
2
Calculate the remainder when 3 is divided by 2.
1
Calculate the remainder when 226 is divided by 104.
18
Calculate the remainder when 68 is divided by 11.
2
What is the remainder when 161 is divided by 54?
53
What is the remainder when 150 is divided by 34?
14
Calculate the remainder when 603 is divided by 189.
36
What is the remainder when 176 is divided by 53?
17
What is the remainder when 35 is divided by 10?
5
What is the remainder when 154 is divided by 78?
76
What is the remainder when 360 is divided by 122?
116
What is the remainder when 193 is divided by 13?
11
Calculate the remainder when 32 is divided by 22.
10
Calculate the remainder when 1346 is divided by 52.
46
What is the remainder when 1435 is divided by 30?
25
What is the remainder when 68 is divided by 48?
20
What is the remainder when 9959 is divided by 212?
207
Calculate the remainder when 140 is divided by 4.
0
What is the remainder when 3225 is divided by 154?
145
Calculate the remainder when 7900 is divided by 155.
150
What is the remainder when 254 is divided by 103?
48
Calculate the remainder when 261 is divided by 44.
41
Calculate the remainder when 263 is divided by 14.
11
What is the remainder when 524 is divided by 109?
88
Calculate the remainder when 221 is divided by 15.
11
Calculate the remainder when 58 is divided by 53.
5
What is the remainder when 144 is divided by 7?
4
Calculate the remainder when 39 is divided by 39.
0
What is the remainder when 11276 is divided by 47?
43
Calculate the remainder when 107 is divided by 16.
11
What is the remainder when 82 is divided by 66?
16
Calculate the remainder when 499 is divided by 37.
18
What is the remainder when 448 is divided by 41?
38
What is the remainder when 236 is divided by 61?
53
What is the remainder when 268 is divided by 108?
52
Calculate the remainder when 514 is divided by 172.
170
What is the remainder when 122 is divided by 33?
23
What is the remainder when 249 is divided by 33?
18
Calculate the remainder when 1153 is divided by 21.
19
Calculate the remainder when 102 is divided by 15.
12
Calculate the remainder when 3185 is divided by 9.
8
Calculate the remainder when 694 is divided by 69.
4
Calculate the remainder when 181 is divided by 41.
17
Calculate the remainder when 49 is divided by 35.
14
Calculate the remainder when 91 is divided by 15.
1
What is the remainder when 1252 is divided by 57?
55
Calculate the remainder when 1011 is divided by 73.
62
What is the remainder when 133 is divided by 87?
46
What is the remainder when 27 is divided by 10?
7
Calculate the remainder when 125 is divided by 73.
52
Calculate the remainder when 13101 is divided by 24.
21
What is the remainder when 54 is divided by 36?
18
What is the remainder when 181 is divided by 23?
20
Calculate the remainder when 13 is divided by 2.
1
What is the remainder when 1837 is divided by 458?
5
What is the remainder when 253 is divided by 33?
22
What is the remainder when 2677 is divided by 19?
17
Calculate the remainder when 291 is divided by 45.
21
What is the remainder when 113 is divided by 18?
5
Calculate the remainder when 8925 is divided by 72.
69
What is the remainder when 1783 is divided by 490?
313
What is the remainder when 1221 is divided by 49?
45
Calculate the remainder when 338 is divided by 10.
8
What is the remainder when 119 is divided by 110?
9
Calculate the remainder when 8261 is divided by 33.
11
What is the remainder when 510 is divided by 74?
66
Calculate the remainder when 187 is divided by 39.
31
Calculate the remainder when 2124 is divided by 19.
15
Calculate the remainder when 418 is divided by 214.
204
Calculate the remainder when 4368 is divided by 103.
42
Calculate the remainder when 110 is divided by 30.
20
What is the remainder when 3705 is divided by 739?
10
Calculate the remainder when 429 is divided by 155.
119
What is the remainder when 906 is divided by 17?
5
Calculate the remainder when 2392 is divided by 18.
16
Calculate the remainder when 563 is divided by 113.
111
What is the remainder when 671 is divided by 24?
23
What is the remainder when 12094 is divided by 3020?
14
What is the remainder when 25 is divided by 15?
10
Calculate the remainder when 1175 is divided by 28.
27
Calculate the remainder when 168 is divided by 29.
23
Calculate the remainder when 1631 is divided by 164.
155
What is the remainder when 1739 is divided by 194?
187
Calculate the remainder when 484 is divided by 1.
0
What is the remainder when 190 is divided by 8?
6
What is the remainder when 8 is divided by 4?
0
What is the remainder when 88 is divided by 15?
13
What is the remainder when 312 is divided by 5?
2
What is the remainder when 430 is divided by 49?
38
Calculate the remainder when 188 is divided by 9.
8
Calculate the remainder when 449 is divided by 45.
44
What is the remainder when 269 is divided by 90?
89
What is the remainder when 174 is divided by 8?
6
What is the remainder when 375 is divided by 36?
15
What is the remainder when 481 is divided by 171?
139
Calculate the remainder when 230 is divided by 35.
20
Calculate the remainder when 98 is divided by 30.
8
Calculate the remainder when 16061 is divided by 32.
29
Calculate the remainder when 217 is divided by 83.
51
Calculate the remainder when 569 is divided by 14.
9
What is the remainder when 261 is divided by 112?
37
What is the remainder when 593 is divided by 276?
41
What is the remainder when 371 is divided by 15?
11
What is the remainder when 1175 is divided by 173?
137
Calculate the remainder when 902 is divided by 148.
14
Calculate the remainder when 569 is divided by 7.
2
Calculate the remainder when 487 is divided by 49.
46
Calculate the remainder when 1176 is divided by 37.
29
Calculate the remainder when 564 is divided by 21.
18
What is the remainder when 690 is divided by 255?
180
Calculate the remainder when 1860 is divided by 23.
20
What